{"id":607,"date":"2024-08-12T13:03:31","date_gmt":"2024-08-12T13:03:31","guid":{"rendered":"https:\/\/materialplastik.hu\/wordpress\/?page_id=607"},"modified":"2024-08-12T13:08:25","modified_gmt":"2024-08-12T13:08:25","slug":"nasik","status":"publish","type":"page","link":"https:\/\/materialplastik.hu\/wordpress\/nasik\/","title":{"rendered":"Nasik"},"content":{"rendered":"\t\t<div data-elementor-type=\"wp-page\" data-elementor-id=\"607\" class=\"elementor elementor-607\">\n\t\t\t\t<div class=\"elementor-element elementor-element-634ba41 e-flex e-con-boxed e-con e-parent\" data-id=\"634ba41\" data-element_type=\"container\">\n\t\t\t\t\t<div class=\"e-con-inner\">\n\t\t\t\t<div class=\"elementor-element elementor-element-08d41ce elementor-widget elementor-widget-spacer\" data-id=\"08d41ce\" data-element_type=\"widget\" data-widget_type=\"spacer.default\">\n\t\t\t\t<div class=\"elementor-widget-container\">\n\t\t\t\t\t\t\t<div class=\"elementor-spacer\">\n\t\t\t<div class=\"elementor-spacer-inner\"><\/div>\n\t\t<\/div>\n\t\t\t\t\t\t<\/div>\n\t\t\t\t<\/div>\n\t\t\t\t\t<\/div>\n\t\t\t\t<\/div>\n\t\t<div class=\"elementor-element elementor-element-2f14008 e-flex e-con-boxed e-con e-parent\" data-id=\"2f14008\" data-element_type=\"container\">\n\t\t\t\t\t<div class=\"e-con-inner\">\n\t\t<div class=\"elementor-element elementor-element-aefd4d1 e-con-full e-flex e-con e-child\" data-id=\"aefd4d1\" data-element_type=\"container\">\n\t\t\t\t<div class=\"elementor-element elementor-element-656792d elementor-mobile-align-justify elementor-widget elementor-widget-button\" data-id=\"656792d\" data-element_type=\"widget\" data-widget_type=\"button.default\">\n\t\t\t\t<div class=\"elementor-widget-container\">\n\t\t\t\t\t\t\t\t\t<div class=\"elementor-button-wrapper\">\n\t\t\t\t\t<a class=\"elementor-button elementor-button-link elementor-size-sm\" href=\"https:\/\/materialplastik.hu\/wordpress\/index.php\/elelmiszerek\/\">\n\t\t\t\t\t\t<span class=\"elementor-button-content-wrapper\">\n\t\t\t\t\t\t\t\t\t<span class=\"elementor-button-text\">Vissza<\/span>\n\t\t\t\t\t<\/span>\n\t\t\t\t\t<\/a>\n\t\t\t\t<\/div>\n\t\t\t\t\t\t\t\t<\/div>\n\t\t\t\t<\/div>\n\t\t\t\t<\/div>\n\t\t<div class=\"elementor-element elementor-element-eea4bad e-con-full elementor-hidden-mobile e-flex e-con e-child\" data-id=\"eea4bad\" data-element_type=\"container\">\n\t\t\t\t<div class=\"elementor-element elementor-element-5a36325 elementor-widget elementor-widget-html\" data-id=\"5a36325\" data-element_type=\"widget\" data-widget_type=\"html.default\">\n\t\t\t\t<div class=\"elementor-widget-container\">\n\t\t\t\t\t<style>\n    .breadcrumb-links {\n        font-size: 24px;\n        \n    }\n    .breadcrumb-links a {\n        color: #0C3C8E;\n        font-weight: bold;\n    }\n    .breadcrumb-links a:hover {\n        cursor: pointer;\n        transform: \n    }\n    .link-between {\n        color: #0C3C8E;\n        font-weight: bold;\n        margin-left: 5px;\n        margin-right: 5px;\n    }\n<\/style>\n<div class=\"breadcrumb-links\">\n    <a href=\"https:\/\/materialplastik.hu\/wordpress\/index.php\/termekek\/\">Term\u00e9kek<\/a>\n    <span class=\"link-between\">-<\/span>\n    <a href=\"https:\/\/materialplastik.hu\/wordpress\/index.php\/elelmiszerek\/\">\u00c9lelmiszerek<\/a>\n    <span class=\"link-between\">-<\/span>\n    <strong>R\u00e1gcs\u00e1lnival\u00f3k \u00e9s \u00c9dess\u00e9gek<\/strong>\n<\/div>\t\t\t\t<\/div>\n\t\t\t\t<\/div>\n\t\t\t\t<\/div>\n\t\t\t\t\t<\/div>\n\t\t\t\t<\/div>\n\t\t<div class=\"elementor-element elementor-element-cc331c8 e-flex e-con-boxed e-con e-parent\" data-id=\"cc331c8\" data-element_type=\"container\">\n\t\t\t\t\t<div class=\"e-con-inner\">\n\t\t\t\t<div class=\"elementor-element elementor-element-ed06997 elementor-widget elementor-widget-spacer\" data-id=\"ed06997\" data-element_type=\"widget\" data-widget_type=\"spacer.default\">\n\t\t\t\t<div class=\"elementor-widget-container\">\n\t\t\t\t\t\t\t<div class=\"elementor-spacer\">\n\t\t\t<div class=\"elementor-spacer-inner\"><\/div>\n\t\t<\/div>\n\t\t\t\t\t\t<\/div>\n\t\t\t\t<\/div>\n\t\t\t\t\t<\/div>\n\t\t\t\t<\/div>\n\t\t<div class=\"elementor-element elementor-element-4d57428 e-flex e-con-boxed e-con e-parent\" data-id=\"4d57428\" data-element_type=\"container\">\n\t\t\t\t\t<div class=\"e-con-inner\">\n\t\t<div class=\"elementor-element elementor-element-6e119d9 e-con-full e-flex e-con e-child\" data-id=\"6e119d9\" data-element_type=\"container\">\n\t\t\t\t<div class=\"elementor-element elementor-element-5e2a77b elementor-widget elementor-widget-heading\" data-id=\"5e2a77b\" data-element_type=\"widget\" data-widget_type=\"heading.default\">\n\t\t\t\t<div class=\"elementor-widget-container\">\n\t\t\t\t\t<h3 class=\"elementor-heading-title elementor-size-default\">Harapnival\u00f3k<\/h3>\t\t\t\t<\/div>\n\t\t\t\t<\/div>\n\t\t\t\t<div class=\"elementor-element elementor-element-325a210 elementor-widget elementor-widget-text-editor\" data-id=\"325a210\" data-element_type=\"widget\" data-widget_type=\"text-editor.default\">\n\t\t\t\t<div class=\"elementor-widget-container\">\n\t\t\t\t\t\t\t\t\t<p>Term\u00e9k\u00fcnknek a f\u0151 feladata, hogy megv\u00e9dje a term\u00e9ket a k\u00fcls\u0151 behat\u00e1sokt\u00f3l.<\/p><p>Ezeket a f\u00f3li\u00e1kat transzparens, feh\u00e9r vagy f\u00e9mg\u0151z\u00f6lt alapanyagon ak\u00e1r 10 sz\u00ednnel nyomtatva tudjuk gy\u00e1rtani.<\/p><p>Term\u00e9kt\u0151l f\u00fcgg\u0151en lamin\u00e1lt form\u00e1ban is el\u00e9rhet\u0151. \u00cdgy v\u00e9d\u0151g\u00e1zas csomagol\u00e1sk\u00e9nt az EVOH r\u00e9tegnek k\u00f6sz\u00f6nhet\u0151en jelent\u0151sen meghosszabb\u00edtjuk a term\u00e9k eltarthat\u00f3s\u00e1g\u00e1t.<\/p>\t\t\t\t\t\t\t\t<\/div>\n\t\t\t\t<\/div>\n\t\t\t\t<\/div>\n\t\t<div class=\"elementor-element elementor-element-21a7560 e-con-full e-flex e-con e-child\" data-id=\"21a7560\" data-element_type=\"container\">\n\t\t\t\t<div class=\"elementor-element elementor-element-a76a0c0 elementor-widget elementor-widget-image\" data-id=\"a76a0c0\" data-element_type=\"widget\" data-widget_type=\"image.default\">\n\t\t\t\t<div class=\"elementor-widget-container\">\n\t\t\t\t\t\t\t\t\t\t\t\t\t\t\t<img decoding=\"async\" src=\"https:\/\/materialplastik.hu\/wordpress\/wp-content\/uploads\/elementor\/thumbs\/snack_chips-qsi05aig4xqfw3r6nqy640pe9arkmojgzcerexkn74.png\" title=\"snack_chips\" alt=\"snack\" loading=\"lazy\" \/>\t\t\t\t\t\t\t\t\t\t\t\t\t\t\t<\/div>\n\t\t\t\t<\/div>\n\t\t\t\t<\/div>\n\t\t\t\t\t<\/div>\n\t\t\t\t<\/div>\n\t\t\t\t<\/div>\n\t\t","protected":false},"excerpt":{"rendered":"<p>Vissza Term\u00e9kek &#8211; \u00c9lelmiszerek &#8211; R\u00e1gcs\u00e1lnival\u00f3k \u00e9s \u00c9dess\u00e9gek Harapnival\u00f3k Term\u00e9k\u00fcnknek a f\u0151 feladata, hogy megv\u00e9dje a term\u00e9ket a k\u00fcls\u0151 behat\u00e1sokt\u00f3l. Ezeket a f\u00f3li\u00e1kat transzparens, feh\u00e9r vagy f\u00e9mg\u0151z\u00f6lt alapanyagon ak\u00e1r 10 sz\u00ednnel nyomtatva tudjuk gy\u00e1rtani. Term\u00e9kt\u0151l f\u00fcgg\u0151en lamin\u00e1lt form\u00e1ban is el\u00e9rhet\u0151. \u00cdgy v\u00e9d\u0151g\u00e1zas csomagol\u00e1sk\u00e9nt az EVOH r\u00e9tegnek k\u00f6sz\u00f6nhet\u0151en jelent\u0151sen meghosszabb\u00edtjuk a [&hellip;]<\/p>\n","protected":false},"author":1,"featured_media":0,"parent":0,"menu_order":0,"comment_status":"closed","ping_status":"closed","template":"page-templates\/template-pagebuilder-full-width.php","meta":{"footnotes":""},"class_list":["post-607","page","type-page","status-publish","hentry"],"_links":{"self":[{"href":"https:\/\/materialplastik.hu\/wordpress\/wp-json\/wp\/v2\/pages\/607","targetHints":{"allow":["GET"]}}],"collection":[{"href":"https:\/\/materialplastik.hu\/wordpress\/wp-json\/wp\/v2\/pages"}],"about":[{"href":"https:\/\/materialplastik.hu\/wordpress\/wp-json\/wp\/v2\/types\/page"}],"author":[{"embeddable":true,"href":"https:\/\/materialplastik.hu\/wordpress\/wp-json\/wp\/v2\/users\/1"}],"replies":[{"embeddable":true,"href":"https:\/\/materialplastik.hu\/wordpress\/wp-json\/wp\/v2\/comments?post=607"}],"version-history":[{"count":7,"href":"https:\/\/materialplastik.hu\/wordpress\/wp-json\/wp\/v2\/pages\/607\/revisions"}],"predecessor-version":[{"id":622,"href":"https:\/\/materialplastik.hu\/wordpress\/wp-json\/wp\/v2\/pages\/607\/revisions\/622"}],"wp:attachment":[{"href":"https:\/\/materialplastik.hu\/wordpress\/wp-json\/wp\/v2\/media?parent=607"}],"curies":[{"name":"wp","href":"https:\/\/api.w.org\/{rel}","templated":true}]}}