{"id":1400,"date":"2024-10-17T06:52:25","date_gmt":"2024-10-17T06:52:25","guid":{"rendered":"https:\/\/materialplastik.hu\/wordpress\/?page_id=1400"},"modified":"2024-10-24T09:38:25","modified_gmt":"2024-10-24T09:38:25","slug":"snacks","status":"publish","type":"page","link":"https:\/\/materialplastik.hu\/wordpress\/de\/snacks\/","title":{"rendered":"Snacks"},"content":{"rendered":"\t\t<div data-elementor-type=\"wp-page\" data-elementor-id=\"1400\" class=\"elementor elementor-1400\">\n\t\t\t\t<div class=\"elementor-element elementor-element-634ba41 e-flex e-con-boxed e-con e-parent\" data-id=\"634ba41\" data-element_type=\"container\">\n\t\t\t\t\t<div class=\"e-con-inner\">\n\t\t\t\t<div class=\"elementor-element elementor-element-08d41ce elementor-widget elementor-widget-spacer\" data-id=\"08d41ce\" data-element_type=\"widget\" data-widget_type=\"spacer.default\">\n\t\t\t\t<div class=\"elementor-widget-container\">\n\t\t\t\t\t\t\t<div class=\"elementor-spacer\">\n\t\t\t<div class=\"elementor-spacer-inner\"><\/div>\n\t\t<\/div>\n\t\t\t\t\t\t<\/div>\n\t\t\t\t<\/div>\n\t\t\t\t\t<\/div>\n\t\t\t\t<\/div>\n\t\t<div class=\"elementor-element elementor-element-2f14008 e-flex e-con-boxed e-con e-parent\" data-id=\"2f14008\" data-element_type=\"container\">\n\t\t\t\t\t<div class=\"e-con-inner\">\n\t\t<div class=\"elementor-element elementor-element-aefd4d1 e-con-full e-flex e-con e-child\" data-id=\"aefd4d1\" data-element_type=\"container\">\n\t\t\t\t<div class=\"elementor-element elementor-element-656792d elementor-mobile-align-justify elementor-widget elementor-widget-button\" data-id=\"656792d\" data-element_type=\"widget\" data-widget_type=\"button.default\">\n\t\t\t\t<div class=\"elementor-widget-container\">\n\t\t\t\t\t\t\t\t\t<div class=\"elementor-button-wrapper\">\n\t\t\t\t\t<a class=\"elementor-button elementor-button-link elementor-size-sm\" href=\"https:\/\/materialplastik.hu\/wordpress\/index.php\/de\/lebensmittel\/\">\n\t\t\t\t\t\t<span class=\"elementor-button-content-wrapper\">\n\t\t\t\t\t\t\t\t\t<span class=\"elementor-button-text\">R\u00fcckkehr<\/span>\n\t\t\t\t\t<\/span>\n\t\t\t\t\t<\/a>\n\t\t\t\t<\/div>\n\t\t\t\t\t\t\t\t<\/div>\n\t\t\t\t<\/div>\n\t\t\t\t<\/div>\n\t\t<div class=\"elementor-element elementor-element-eea4bad e-con-full elementor-hidden-mobile e-flex e-con e-child\" data-id=\"eea4bad\" data-element_type=\"container\">\n\t\t\t\t<div class=\"elementor-element elementor-element-5a36325 elementor-widget elementor-widget-html\" data-id=\"5a36325\" data-element_type=\"widget\" data-widget_type=\"html.default\">\n\t\t\t\t<div class=\"elementor-widget-container\">\n\t\t\t\t\t<style>\n    .breadcrumb-links {\n        font-size: 24px;\n        \n    }\n    .breadcrumb-links a {\n        color: #0C3C8E;\n        font-weight: bold;\n    }\n    .breadcrumb-links a:hover {\n        cursor: pointer;\n        transform: \n    }\n    .link-between {\n        color: #0C3C8E;\n        font-weight: bold;\n        margin-left: 5px;\n        margin-right: 5px;\n    }\n<\/style>\n<div class=\"breadcrumb-links\">\n    <a href=\"https:\/\/materialplastik.hu\/wordpress\/index.php\/de\/produkte\/\">Produkte<\/a>\n    <span class=\"link-between\">-<\/span>\n    <a href=\"https:\/\/materialplastik.hu\/wordpress\/index.php\/de\/lebensmittel\/\">Lebensmittel<\/a>\n    <span class=\"link-between\">-<\/span>\n    <strong>Snacks und S\u00fc\u00dfigkeiten<\/strong>\n<\/div>\t\t\t\t<\/div>\n\t\t\t\t<\/div>\n\t\t\t\t<\/div>\n\t\t\t\t\t<\/div>\n\t\t\t\t<\/div>\n\t\t<div class=\"elementor-element elementor-element-4d57428 e-flex e-con-boxed e-con e-parent\" data-id=\"4d57428\" data-element_type=\"container\">\n\t\t\t\t\t<div class=\"e-con-inner\">\n\t\t<div class=\"elementor-element elementor-element-6e119d9 e-con-full e-flex e-con e-child\" data-id=\"6e119d9\" data-element_type=\"container\">\n\t\t\t\t<div class=\"elementor-element elementor-element-5e2a77b elementor-widget elementor-widget-heading\" data-id=\"5e2a77b\" data-element_type=\"widget\" data-widget_type=\"heading.default\">\n\t\t\t\t<div class=\"elementor-widget-container\">\n\t\t\t\t\t<h3 class=\"elementor-heading-title elementor-size-default\">Snacks und S\u00fc\u00dfigkeiten<\/h3>\t\t\t\t<\/div>\n\t\t\t\t<\/div>\n\t\t\t\t<div class=\"elementor-element elementor-element-325a210 elementor-widget elementor-widget-text-editor\" data-id=\"325a210\" data-element_type=\"widget\" data-widget_type=\"text-editor.default\">\n\t\t\t\t<div class=\"elementor-widget-container\">\n\t\t\t\t\t\t\t\t\t<p>Die Hauptfunktion unseres Produkts ist es den Schutz der Produkte vor \u00e4u\u00dferen Einfl\u00fcssen zu gew\u00e4hrleisten. Bei Verpackungen mit Schutzatmosph\u00e4re oder Vakuum verl\u00e4ngert die EVOH-Schicht die Haltbarkeitsdauer der Produkte erheblich.<\/p>\t\t\t\t\t\t\t\t<\/div>\n\t\t\t\t<\/div>\n\t\t\t\t<\/div>\n\t\t<div class=\"elementor-element elementor-element-21a7560 e-con-full e-flex e-con e-child\" data-id=\"21a7560\" data-element_type=\"container\">\n\t\t\t\t<div class=\"elementor-element elementor-element-a76a0c0 elementor-widget elementor-widget-image\" data-id=\"a76a0c0\" data-element_type=\"widget\" data-widget_type=\"image.default\">\n\t\t\t\t<div class=\"elementor-widget-container\">\n\t\t\t\t\t\t\t\t\t\t\t\t\t\t\t<img decoding=\"async\" src=\"https:\/\/materialplastik.hu\/wordpress\/wp-content\/uploads\/elementor\/thumbs\/snack_chips-qsi05aig4xqfw3r6nqy640pe9arkmojgzcerexkn74.png\" title=\"snack_chips\" alt=\"snack\" loading=\"lazy\" \/>\t\t\t\t\t\t\t\t\t\t\t\t\t\t\t<\/div>\n\t\t\t\t<\/div>\n\t\t\t\t<\/div>\n\t\t\t\t\t<\/div>\n\t\t\t\t<\/div>\n\t\t\t\t<\/div>\n\t\t","protected":false},"excerpt":{"rendered":"<p>R\u00fcckkehr Produkte &#8211; Lebensmittel &#8211; Snacks und S\u00fc\u00dfigkeiten Snacks und S\u00fc\u00dfigkeiten Die Hauptfunktion unseres Produkts ist es den Schutz der Produkte vor \u00e4u\u00dferen Einfl\u00fcssen zu gew\u00e4hrleisten. Bei Verpackungen mit Schutzatmosph\u00e4re oder Vakuum verl\u00e4ngert die EVOH-Schicht die Haltbarkeitsdauer der Produkte erheblich.<\/p>\n","protected":false},"author":1,"featured_media":0,"parent":0,"menu_order":0,"comment_status":"closed","ping_status":"closed","template":"page-templates\/template-pagebuilder-full-width.php","meta":{"footnotes":""},"class_list":["post-1400","page","type-page","status-publish","hentry"],"_links":{"self":[{"href":"https:\/\/materialplastik.hu\/wordpress\/wp-json\/wp\/v2\/pages\/1400","targetHints":{"allow":["GET"]}}],"collection":[{"href":"https:\/\/materialplastik.hu\/wordpress\/wp-json\/wp\/v2\/pages"}],"about":[{"href":"https:\/\/materialplastik.hu\/wordpress\/wp-json\/wp\/v2\/types\/page"}],"author":[{"embeddable":true,"href":"https:\/\/materialplastik.hu\/wordpress\/wp-json\/wp\/v2\/users\/1"}],"replies":[{"embeddable":true,"href":"https:\/\/materialplastik.hu\/wordpress\/wp-json\/wp\/v2\/comments?post=1400"}],"version-history":[{"count":10,"href":"https:\/\/materialplastik.hu\/wordpress\/wp-json\/wp\/v2\/pages\/1400\/revisions"}],"predecessor-version":[{"id":1648,"href":"https:\/\/materialplastik.hu\/wordpress\/wp-json\/wp\/v2\/pages\/1400\/revisions\/1648"}],"wp:attachment":[{"href":"https:\/\/materialplastik.hu\/wordpress\/wp-json\/wp\/v2\/media?parent=1400"}],"curies":[{"name":"wp","href":"https:\/\/api.w.org\/{rel}","templated":true}]}}